(s) = -5*s + 43. Let r(q) = -8*q + 30. Let o(h) = -3*r(h) + 2*x(h). Determine o(3).
38
Let a = 14 + -14. Suppose a = -4*u - 26*u. Let x(r) = -2 - 57*r**2 + 2 + 58*r**2. What is x(u)?
0
Let h(g) = 3*g - 78. Let n be h(27). Let c(s) = 9633 - 9634 + 2*s + 2*s**3 - 3*s**3 - 3*s**n. Determine c(1).
-3
Let b(g) be the first derivative of -11*g**4/2 - 2*g**3/3 - g**2/2 - 467. Calculate b(-1).
21
Let m be 25/3 - (-120)/(-90). Let s(u) = -m*u + 8*u - 2*u**2 + u**2 + 4. Calculate s(-4).
-16
Let g(d) = -6*d**2 - 7*d - 26. Let q(s) = 2*s**2 + s - 2. Let z(i) = g(i) + 2*q(i). Let h(n) = -n**2 - 3*n - 14. Let u(w) = 9*h(w) - 4*z(w). Determine u(-9).
-24
Let q = 303402 + -303407. Let n = 1 - -1. Let y(h) = -4*h - 2 - n - h**2 + 2. Calculate y(q).
-7
Suppose -3*w + 4 = 2*k + 15, 2*w - k = -19. Let h(r) = 4*r + 21. Let u(s) = -3*s - 14. Let x(c) = w*u(c) - 5*h(c). Determine x(6).
-1
Let p(s) = -s**3 - 8*s**2 - 5*s + 5. Let n be 94/18 - ((-116)/(-36) - 3). Suppose n*y + 40 = t, -3*t = -10 - 5. Calculate p(y).
-9
Let y(u) = -34*u**3 + 4*u**2 + 14*u + 24. Let h be y(-2). Let d(f) = f - h*f**2 + f + 3*f + 282*f**2 - 6*f + 1. Give d(3).
-20
Let g(i) be the first derivative of 17*i**2/2 - 3*i + 7915. Give g(-6).
-105
Let b(z) = -23*z**3 - 276*z**3 + 38*z + 47 + 300*z**3 + 38*z**2. Calculate b(-37).
10
Suppose -4 = -3*v - 1, h - 4*v - 37 = 0. Let g = h + -39. Let m(u) = 18*u**2 - 9*u**2 - 6*u + 1 - 10*u**g + 6. What is m(-6)?
7
Let a(y) = 80 + 0*y + 7*y + y**2 - 76 - y. Let j = -12 - -5. Give a(j).
11
Let i(x) = -2*x**2 - 166*x - 21. Let a(y) = -y**2 - 89*y - 11. Let n(h) = -11*a(h) + 6*i(h). Determine n(-16).
11
Let m be (-88)/(-30) - (-216)/(-135). Let p(r) be the second derivative of r**2 + 7/12*r**4 + 38*r + 0 - 1/20*r**5 + m*r**3. What is p(8)?
2
Let b(o) = -o**3 + 2*o**2 + 7*o - 5. Let x(f) = -f**3 + 3*f**2 + 7*f - 6. Let n(y) = 2*b(y) - 3*x(y). What is n(6)?
2
Let j(m) = -m**2 - 17*m - 33. Suppose 109*p + 462 = 98*p. Let a = -57 - p. Give j(a).
-3
Let c(q) = q - 42. Let u = -6419 - -6443. Calculate c(u).
-18
Let j be (53 - -1) + (-2)/(8/(-4)). Let f = 50 - j. Let x be ((-4)/14)/(4*f/140). Let t(a) = -3*a. What is t(x)?
-6
Let a(u) = 0*u - 329 - 2*u**2 + 2*u - u**3 + 330. Suppose 2*g - 12 = -2. Suppose 0 = -j - g*b + 22, -3*b + 15 = -j - 3. Determine a(j).
4
Let v(h) = -2*h**2 - 24*h + 96. Suppose 432*t - 434*t = -3*c + 17, 5*c + 9 = t. What is v(t)?
-32
Suppose -s = 4*g - 17, 2*g + 429 - 441 = 0. Let o(x) = x**2 + 10*x - 1. Determine o(s).
-22
Let v(t) = -5*t**3 - t**2 - t + 4. Let n(q) = -26*q**2 - 1459*q - 170. Let a be n(-56). Calculate v(a).
42
Suppose -84*p - 1293 = -87*p. Let z = 437 - p. Let g(j) = -2*j**2 + 13*j - 2. Give g(z).
4
Let v be (-4)/6*3/(-2). Let u be v + 4/4 - 0. Let n(m) = u*m**2 - 122 + 244 - 122 - m**3. What is n(1)?
1
Let o be 1 + 2 - (-4 - (9 - 11)). Let n(a) = 5 - o*a + 6*a + 356*a**2 - 6 - a**3 - 349*a**2. Determine n(7).
6
Let c = -212 + 209. Suppose 4*v + 10 = -v. Let z be (-4 - c) + 1 + v + 5. Let a(f) = -2*f + 3. Calculate a(z).
-3
Let o = 484 - 488. Let z(d) = -3*d + 5 - 10 - 1 + d + 0. Calculate z(o).
2
Suppose 2*y - 28 + 8 = 0. Let m(a) = 5*a - 2 + y*a - 12*a + 2*a. Let u be ((-6)/(-5))/(10/25). Determine m(u).
13
Let k(h) be the first derivative of -3*h**2 + 51*h + 777. Determine k(8).
3
Let o(x) = x**3 + 11*x**2 + 10*x - 7. Let n be 4272/18*12/16. Suppose -182*c - 40 = -n*c. Determine o(c).
-7
Suppose -2*b - 3*l = 14, -4*b - 3 = l + 5. Let x(c) = 98*c + 47. Let t(y) = -113*y - 55. Let m(s) = 6*t(s) + 7*x(s). What is m(b)?
-9
Let t(q) = -2*q - 11. Let y = 3165 - 3153. Calculate t(y).
-35
Let k be -1*(1 - -6 - -4)*18/66. Let u(x) = x**2 - 13*x - 30. Calculate u(k).
18
Let t(k) = -k**3 - 2*k**2 + 2*k + 8. Let s = 2828 - 2832. Give t(s).
32
Let s(l) be the second derivative of 4*l**3/3 - 42*l**2 + 2*l - 12643. Determine s(7).
-28
Let f(v) = 6*v**2 - 5*v - 12. Let j(a) = a**2 + 1. Let g(m) = -7*m**2 - 5. Let t(h) = -g(h) - 6*j(h). Let x(r) = f(r) - 5*t(r). Determine x(7).
7
Let v(x) be the first derivative of -2 + 5/3*x**3 - 2*x - 1/2*x**2. Let w = 49302 - 49300. What is v(w)?
16
Let u(w) = 3*w + 15. Let d(s) = 6*s + 34. Let j(x) = 5*d(x) - 11*u(x). Let b = -3 + 8. Determine j(b).
-10
Suppose 0 = 3*m - 5*h + 3, -2*m + h + 3*h - 2 = 0. Let c(l) = -33*l - 8. Give c(m).
25
Let b(c) = 2*c**2 + 20*c - 12. Let q be 1004/(-251) - (22/3 - (-6)/(-18)). Give b(q).
10
Let j(b) = -19085 + 9552 - 4*b + 9540. Determine j(5).
-13
Suppose -3*k = -142*d + 146*d + 80, 4*k + 98 = -d. Let n(x) = x**3 + 23*x**2 - 22*x + 44. What is n(k)?
-4
Let v(f) = -2*f - 134 + 0*f + f + 129. Let r = 9 + -7. Let l = r + -5. Give v(l).
-2
Let y(w) = 7*w**3 + 5*w**2 + 5*w + 4. Let g(h) = 6*h**3 + 5*h**2 + 4*h + 3. Let b(d) = -6*g(d) + 5*y(d). Let x(k) = -16*k - 245. Let q be x(-15). What is b(q)?
-3
Suppose 9*y - 14*y + 670 = 0. Let g(d) = 6 + 138*d - y*d - 5. Give g(6).
25
Suppose 0 = 13*i - 9*i - 400. Let b be (3/15 - (-30)/i)*6. Let t(l) = -l + 7. Determine t(b).
4
Let s(b) = 30 - 54 - 13301*b + 13309*b - 90. Calculate s(16).
14
Let v be -14 + (8 - (4 + 2 + -5)). Let b(u) be the second derivative of -u**5/20 - u**4/2 + 3*u**3/2 - u**2/2 + 2*u. What is b(v)?
-15
Let n(u) = -3*u**2 + u - 1. Let c(s) = -s + 15. Let m be c(8). Suppose z - 35 = 2*x, 0 = -m*z + 2*z + x + 220. Suppose -y - 43 = -z. Calculate n(y).
-11
Let t be 0 - 8/6*(-54)/(-12). Let o(g) = -5*g + 38. Let k(y) = -14*y + 108. Let u(q) = t*k(q) + 17*o(q). Calculate u(-11).
9
Let s be (-81)/(-15)*-3*-5. Let v = 86 - s. Suppose -10 = v*y - 3*u, 2 - 30 = -3*y - 5*u. Let x(t) = 11*t**2 + 2*t - 1. Determine x(y).
12
Let u(s) = -2*s**2 + 10*s - 1. Let y = 983 - 1105. Let i = -114 - y. Determine u(i).
-49
Let o(q) = -q**3 + 1. Let d(x) = -4*x**3 - 7*x**2 + 2*x - 1. Let n(w) = -d(w) + 3*o(w). Let m be -3 + 170/6 + (-28)/21. Let i be 21*2/9*(-36)/m. What is n(i)?
18
Let h(t) = t**3 - 6*t**2 + 16*t + 22. Let v(j) = 2*j**3 - 10*j**2 + 30*j + 33. Let f(s) = 5*h(s) - 3*v(s). Determine f(4).
-93
Let m be (-10)/8*1*4. Let w(a) = -451*a + a**3 - 4 - 3 + 8 + 447*a + 4*a**2. Calculate w(m).
-4
Let v(c) = -c**2 - 43*c - 186. Let a = 13571 - 13576. Determine v(a).
4
Let t(l) = 517*l + 20 - 1018*l + 18*l**2 + 467*l - l**3. Calculate t(16).
-12
Let w(u) = -2*u - 1. Let q be w(-2). Suppose q*k = 3*v - 3, -2*v + 20 - 3 = 3*k. Let g(t) = -6 + 2*t**3 - 24*t + t**2 - t**k + 1 + 25*t. What is g(0)?
-5
Let q(m) = -3*m + 7. Let y(v) = v - 2. Let d be 18/4 - 2/(-28)*-7. Let u(c) = d*q(c) + 11*y(c). Give u(0).
6
Let p = -86 - -149. Suppose -p + 65 = -2*s. Let b(w) = 7*w**3 - 4*w**2 + w + 3. Let v(o) = -4*o**3 + 2*o**2 - o - 2. Let k(m) = 3*b(m) + 5*v(m). Give k(s).
-2
Let l(o) be the first derivative of o**2/2 - 4*o - 28. Suppose -19*q + 16*q + 15 = 0, 5*q = -4*f + 41. Calculate l(f).
0
Suppose -26*h = -27*h, 2*i + h = -40. Let w(c) = 15*c + 304. Calculate w(i).
4
Let w(g) = g**3 + 5*g**2 + 2*g + 2. Let j be w(-5). Let h(l) = -5*l**2 + 5*l**3 + 109800 - 4*l**2 - 9*l - 6*l**3 - 109804. What is h(j)?
4
Let h(p) = p**3 + 12*p**2 + 9*p - 25. Let z be h(-11). Let a be ((-3)/z)/(1/(-5)). Let b = 7 + a. Let v(n) = -n**3 + n**2 + 1. What is v(b)?
-3
Let o(d) = 6*d + 6. Suppose -4*u = 28, 5*l + 14*u = -0*l - 83. Determine o(l).
24
Let h(s) = -7 - 2*s - 1 + 1. Suppose 5*l = -3*t + 11 + 19, 16*l - 53 = -t. Give h(t).
-17
Let g(a) = 3*a**2 + 4*a + 7. Let s(l) = -17*l**2 - 19*l - 36. Let i(b) = -11*g(b) - 2*s(b). Suppose 9*h - 88 = -2*h. Determine i(h).
11
Let l(c) be the third derivative of -c**5/30 + c**4/6 + c**3/2 + 9*c**2. Suppose 9*g + 53 = 197. Suppose 0 = 9*s - s + g. Determine l(s).
-13
Let y = -188 - -184. Let h(t) be the third derivative of -5*t**4/12 - t**3/3 + 229*t**2. Determine h(y).
38
Let u be 0/((-5)/(-1)) + 0. Suppose -1 = -i + 4*l, -l - 2 = -2*i - u*i. Let v be (i/3 - 1)*(-261)/(-58). Let p(n) = 2*n**2 - 3. Calculate p(v).
15
Let x(q) be the first derivative of -q**4/4 - 16*q**3/3 - 7*q**2 + 11*q + 20. Give x(-15).
-4
Let z(y) be the first derivative of 1/4*y**4 - 1/3*y**3 - 2*y**2 + 9 + 0*y. Determine z(3).
6
Let o(l) = 4*l**3 - 18*l**2 - 7*l - 96. Let z(d) = -d**3 + 5*d**2 + 2*d + 31. Let a(y) = -2*o(y) - 7*z(y). Let f be (4/(-4))/(-1) + -1. What is a(f)?
-25
Suppose 6*a - 212 = -8. Let q(z) = -a + z + 15 + 18. Let u(d) =